{"id":70,"date":"2026-03-28T23:38:23","date_gmt":"2026-03-28T22:38:23","guid":{"rendered":"https:\/\/www.terraformsk.sk\/?page_id=70"},"modified":"2026-03-29T00:31:00","modified_gmt":"2026-03-28T23:31:00","slug":"prenajom-podnej-frezy-zakladaca-travnika","status":"publish","type":"page","link":"https:\/\/www.terraformsk.sk\/?page_id=70","title":{"rendered":"Pren\u00e1jom p\u00f4dnej fr\u00e9zy &#8211; zaklada\u010da tr\u00e1vnika."},"content":{"rendered":"\n<p>Zaklada\u010d tr\u00e1vnika, p\u00f4dna fr\u00e9za:<br>Potrebuje\u0161 vyrovna\u0165 pozemok?<br>Tento pracant zvl\u00e1dne pr\u00e1cu za piatich \u013eud\u00ed len za tretinov\u00fd \u010das.<br>Po\u017ei\u010daj si Avant s n\u00e1rad\u00edm, ktor\u00e9 potrebuje\u0161 na de\u0148 alebo na cel\u00fd v\u00edkend za v\u00fdhodn\u00fdch podmienok.<br>Pr\u00e1cu zvl\u00e1dne\u0161 aj s\u00e1m a e\u0161te sa pri nej zabav\u00ed\u0161.<br>Inform\u00e1cie o vo\u013en\u00fdch term\u00ednoch&nbsp;z\u00edska\u0161 na telef\u00f3nnom \u010d\u00edsle&nbsp;0915077866.<\/p>\n\n\n\n<figure class=\"wp-block-image size-large is-resized\"><img loading=\"lazy\" decoding=\"async\" width=\"1024\" height=\"718\" src=\"https:\/\/www.terraformsk.sk\/wp-content\/uploads\/2026\/03\/TerraForm_prenajom-1024x718.jpg\" alt=\"\" class=\"wp-image-71\" style=\"width:687px;height:auto\" srcset=\"https:\/\/www.terraformsk.sk\/wp-content\/uploads\/2026\/03\/TerraForm_prenajom-1024x718.jpg 1024w, https:\/\/www.terraformsk.sk\/wp-content\/uploads\/2026\/03\/TerraForm_prenajom-300x210.jpg 300w, https:\/\/www.terraformsk.sk\/wp-content\/uploads\/2026\/03\/TerraForm_prenajom-768x538.jpg 768w, https:\/\/www.terraformsk.sk\/wp-content\/uploads\/2026\/03\/TerraForm_prenajom-1536x1076.jpg 1536w, https:\/\/www.terraformsk.sk\/wp-content\/uploads\/2026\/03\/TerraForm_prenajom-120x85.jpg 120w, https:\/\/www.terraformsk.sk\/wp-content\/uploads\/2026\/03\/TerraForm_prenajom.jpg 2048w\" sizes=\"auto, (max-width: 1024px) 100vw, 1024px\" \/><\/figure>\n\n\n\n<p>Doplnkov\u00e9 n\u00e1radie je ve\u013emi variabiln\u00e9 a dok\u00e1\u017ee premeni\u0165 Avant na p\u00f4dnu fr\u00e9zu, VZV alebo \u010deln\u00fd naklada\u010d:<\/p>\n\n\n\n<figure class=\"wp-block-gallery has-nested-images columns-default is-cropped wp-block-gallery-1 is-layout-flex wp-block-gallery-is-layout-flex\">\n<figure class=\"wp-block-image size-large\"><img loading=\"lazy\" decoding=\"async\" width=\"800\" height=\"533\" data-id=\"97\" src=\"https:\/\/www.terraformsk.sk\/wp-content\/uploads\/2026\/03\/TerraForm_stroj4.jpg\" alt=\"\" class=\"wp-image-97\" srcset=\"https:\/\/www.terraformsk.sk\/wp-content\/uploads\/2026\/03\/TerraForm_stroj4.jpg 800w, https:\/\/www.terraformsk.sk\/wp-content\/uploads\/2026\/03\/TerraForm_stroj4-300x200.jpg 300w, https:\/\/www.terraformsk.sk\/wp-content\/uploads\/2026\/03\/TerraForm_stroj4-768x512.jpg 768w, https:\/\/www.terraformsk.sk\/wp-content\/uploads\/2026\/03\/TerraForm_stroj4-700x465.jpg 700w\" sizes=\"auto, (max-width: 800px) 100vw, 800px\" \/><\/figure>\n\n\n\n<figure class=\"wp-block-image size-large\"><img loading=\"lazy\" decoding=\"async\" width=\"800\" height=\"597\" data-id=\"98\" src=\"https:\/\/www.terraformsk.sk\/wp-content\/uploads\/2026\/03\/TerraForm_stroj5.jpg\" alt=\"\" class=\"wp-image-98\" srcset=\"https:\/\/www.terraformsk.sk\/wp-content\/uploads\/2026\/03\/TerraForm_stroj5.jpg 800w, https:\/\/www.terraformsk.sk\/wp-content\/uploads\/2026\/03\/TerraForm_stroj5-300x224.jpg 300w, https:\/\/www.terraformsk.sk\/wp-content\/uploads\/2026\/03\/TerraForm_stroj5-768x573.jpg 768w\" sizes=\"auto, (max-width: 800px) 100vw, 800px\" \/><\/figure>\n\n\n\n<figure class=\"wp-block-image size-large\"><img loading=\"lazy\" decoding=\"async\" width=\"800\" height=\"600\" data-id=\"96\" src=\"https:\/\/www.terraformsk.sk\/wp-content\/uploads\/2026\/03\/TerraForm_stroj3.jpg\" alt=\"\" class=\"wp-image-96\" srcset=\"https:\/\/www.terraformsk.sk\/wp-content\/uploads\/2026\/03\/TerraForm_stroj3.jpg 800w, https:\/\/www.terraformsk.sk\/wp-content\/uploads\/2026\/03\/TerraForm_stroj3-300x225.jpg 300w, https:\/\/www.terraformsk.sk\/wp-content\/uploads\/2026\/03\/TerraForm_stroj3-768x576.jpg 768w\" sizes=\"auto, (max-width: 800px) 100vw, 800px\" \/><\/figure>\n<\/figure>\n","protected":false},"excerpt":{"rendered":"<p>Zaklada\u010d tr\u00e1vnika, p\u00f4dna fr\u00e9za:Potrebuje\u0161 vyrovna\u0165 pozemok?Tento pracant zvl\u00e1dne pr\u00e1cu za piatich \u013eud\u00ed len za tretinov\u00fd \u010das.Po\u017ei\u010daj si Avant s n\u00e1rad\u00edm, ktor\u00e9 potrebuje\u0161 na de\u0148 alebo &hellip; <\/p>\n","protected":false},"author":1,"featured_media":0,"parent":0,"menu_order":0,"comment_status":"closed","ping_status":"closed","template":"","meta":{"footnotes":""},"class_list":["post-70","page","type-page","status-publish","hentry"],"_links":{"self":[{"href":"https:\/\/www.terraformsk.sk\/index.php?rest_route=\/wp\/v2\/pages\/70","targetHints":{"allow":["GET"]}}],"collection":[{"href":"https:\/\/www.terraformsk.sk\/index.php?rest_route=\/wp\/v2\/pages"}],"about":[{"href":"https:\/\/www.terraformsk.sk\/index.php?rest_route=\/wp\/v2\/types\/page"}],"author":[{"embeddable":true,"href":"https:\/\/www.terraformsk.sk\/index.php?rest_route=\/wp\/v2\/users\/1"}],"replies":[{"embeddable":true,"href":"https:\/\/www.terraformsk.sk\/index.php?rest_route=%2Fwp%2Fv2%2Fcomments&post=70"}],"version-history":[{"count":2,"href":"https:\/\/www.terraformsk.sk\/index.php?rest_route=\/wp\/v2\/pages\/70\/revisions"}],"predecessor-version":[{"id":99,"href":"https:\/\/www.terraformsk.sk\/index.php?rest_route=\/wp\/v2\/pages\/70\/revisions\/99"}],"wp:attachment":[{"href":"https:\/\/www.terraformsk.sk\/index.php?rest_route=%2Fwp%2Fv2%2Fmedia&parent=70"}],"curies":[{"name":"wp","href":"https:\/\/api.w.org\/{rel}","templated":true}]}}