{"id":58,"date":"2026-03-28T23:13:40","date_gmt":"2026-03-28T22:13:40","guid":{"rendered":"https:\/\/www.terraformsk.sk\/?page_id=58"},"modified":"2026-03-28T23:18:08","modified_gmt":"2026-03-28T22:18:08","slug":"zakladanie-travnikov","status":"publish","type":"page","link":"https:\/\/www.terraformsk.sk\/?page_id=58","title":{"rendered":"Zakladanie tr\u00e1vnikov"},"content":{"rendered":"\n<h2 class=\"wp-block-heading\">Zakladanie tr\u00e1vnikov od nuly \u2013 pr\u00edprava p\u00f4dy, vyrovnanie, v\u00fdsev alebo pokl\u00e1dka tr\u00e1vneho koberca:<\/h2>\n\n\n\n<ul class=\"wp-block-list\">\n<li><strong>pre t\u00fdch, \u010do chc\u00fa tr\u00e1vnik na k\u013e\u00fa\u010d<\/strong><\/li>\n<\/ul>\n\n\n\n<p><strong>Zalo\u017eenie tr\u00e1vnika je proces, ktor\u00fd si vy\u017eaduje prec\u00edznu pr\u00edpravu p\u00f4dy a spr\u00e1vne na\u010dasovanie. Ide\u00e1lnym obdob\u00edm je\u00a0jar\u00a0(apr\u00edl \u2013 m\u00e1j) alebo\u00a0skor\u00e1 jese\u0148\u00a0(september), kedy s\u00fa teploty stabiln\u00e9 a vlhkos\u0165 vy\u0161\u0161ia.\u00a0<\/strong><\/p>\n\n\n\n<p><strong>Postup zakladania tr\u00e1vnika v skratke:<\/strong><\/p>\n\n\n\n<ol class=\"wp-block-list\">\n<li><strong>Pr\u00edprava plochy<\/strong>: Odstr\u00e1nime kamene, korene a najm\u00e4 trv\u00e1cu burinu. P\u00f4du prekypr\u00edme do h\u013abky pribli\u017ene 15 cm &#8211; 20 cm.<\/li>\n\n\n\n<li><strong>\u00daprava p\u00f4dy<\/strong>: Ak je p\u00f4da pr\u00edli\u0161 \u00edlovit\u00e1, prid\u00e1me piesok; ak je pieso\u010dnat\u00e1, dopln\u00edme substr\u00e1t alebo ra\u0161elinu. Aplikujeme \u0161tartovacie hnojivo na podporu zakorenenia.<\/li>\n\n\n\n<li><strong>Urovnanie ter\u00e9nu<\/strong>: Plochu vyrovn\u00e1me a n\u00e1sledne povalcujeme z\u00e1hradn\u00fdm valcom, aby sme zabr\u00e1nili neskor\u0161iemu sadaniu p\u00f4dy.<\/li>\n\n\n\n<li><strong>V\u00fdsev osiva<\/strong>: Vysejeme tr\u00e1vov\u00e9 semen\u00e1 rovnomerne v mno\u017estve pribli\u017ene 20 \u2013 30 g na 1m2\u00a0<img decoding=\"async\" src=\"blob:https:\/\/www.terraformsk.sk\/5fea50db-3029-4182-b995-24a2be156e85\"><math xmlns=\"http:\/\/www.w3.org\/1998\/Math\/MathML\"><semantics><\/semantics><\/math>. Osivo zapracujeme do h\u013abky 0,5 \u2013 1 cm a povalcujeme.<\/li>\n\n\n\n<li><strong>Alternat\u00edva: Tr\u00e1vny koberec<\/strong>:<br>Ak potrebujete okam\u017eit\u00fd v\u00fdsledok, rie\u0161en\u00edm je\u00a0<strong>pokl\u00e1dka hotov\u00fdch tr\u00e1vnych kobercov<\/strong>. Pr\u00edprava p\u00f4dy je rovnak\u00e1 ako pri v\u00fdseve, no plochu m\u00f4\u017eete plne za\u0165a\u017eova\u0165 u\u017e po 2 \u2013 3 t\u00fd\u017ed\u0148och od polo\u017eenia hotov\u00e9ho tr\u00e1vneho koberca, ke\u010f koberec prerastie do podkladu.<\/li>\n<\/ol>\n\n\n\n<figure class=\"wp-block-image size-large is-resized\"><img loading=\"lazy\" decoding=\"async\" width=\"1024\" height=\"1024\" src=\"http:\/\/www.terraformsk.sk\/wp-content\/uploads\/2026\/03\/TerraForm_02_zakladanie-1024x1024.jpg\" alt=\"\" class=\"wp-image-48\" style=\"width:743px;height:auto\" srcset=\"https:\/\/www.terraformsk.sk\/wp-content\/uploads\/2026\/03\/TerraForm_02_zakladanie-1024x1024.jpg 1024w, https:\/\/www.terraformsk.sk\/wp-content\/uploads\/2026\/03\/TerraForm_02_zakladanie-300x300.jpg 300w, https:\/\/www.terraformsk.sk\/wp-content\/uploads\/2026\/03\/TerraForm_02_zakladanie-150x150.jpg 150w, https:\/\/www.terraformsk.sk\/wp-content\/uploads\/2026\/03\/TerraForm_02_zakladanie-768x768.jpg 768w, https:\/\/www.terraformsk.sk\/wp-content\/uploads\/2026\/03\/TerraForm_02_zakladanie.jpg 1080w\" sizes=\"auto, (max-width: 1024px) 100vw, 1024px\" \/><\/figure>\n","protected":false},"excerpt":{"rendered":"<p>Zakladanie tr\u00e1vnikov od nuly \u2013 pr\u00edprava p\u00f4dy, vyrovnanie, v\u00fdsev alebo pokl\u00e1dka tr\u00e1vneho koberca: Zalo\u017eenie tr\u00e1vnika je proces, ktor\u00fd si vy\u017eaduje prec\u00edznu pr\u00edpravu p\u00f4dy a spr\u00e1vne &hellip; <\/p>\n","protected":false},"author":1,"featured_media":0,"parent":0,"menu_order":0,"comment_status":"closed","ping_status":"closed","template":"","meta":{"footnotes":""},"class_list":["post-58","page","type-page","status-publish","hentry"],"_links":{"self":[{"href":"https:\/\/www.terraformsk.sk\/index.php?rest_route=\/wp\/v2\/pages\/58","targetHints":{"allow":["GET"]}}],"collection":[{"href":"https:\/\/www.terraformsk.sk\/index.php?rest_route=\/wp\/v2\/pages"}],"about":[{"href":"https:\/\/www.terraformsk.sk\/index.php?rest_route=\/wp\/v2\/types\/page"}],"author":[{"embeddable":true,"href":"https:\/\/www.terraformsk.sk\/index.php?rest_route=\/wp\/v2\/users\/1"}],"replies":[{"embeddable":true,"href":"https:\/\/www.terraformsk.sk\/index.php?rest_route=%2Fwp%2Fv2%2Fcomments&post=58"}],"version-history":[{"count":2,"href":"https:\/\/www.terraformsk.sk\/index.php?rest_route=\/wp\/v2\/pages\/58\/revisions"}],"predecessor-version":[{"id":61,"href":"https:\/\/www.terraformsk.sk\/index.php?rest_route=\/wp\/v2\/pages\/58\/revisions\/61"}],"wp:attachment":[{"href":"https:\/\/www.terraformsk.sk\/index.php?rest_route=%2Fwp%2Fv2%2Fmedia&parent=58"}],"curies":[{"name":"wp","href":"https:\/\/api.w.org\/{rel}","templated":true}]}}